{"id":166,"date":"2019-08-06T17:01:20","date_gmt":"2019-08-06T17:01:20","guid":{"rendered":"http:\/\/neopiedras.com\/?page_id=166"},"modified":"2025-08-05T17:20:38","modified_gmt":"2025-08-05T17:20:38","slug":"la-cuarcita","status":"publish","type":"page","link":"https:\/\/neopiedras.com\/?page_id=166","title":{"rendered":"La Cuarcita"},"content":{"rendered":"\t\t<div data-elementor-type=\"post\" data-elementor-id=\"166\" class=\"elementor elementor-166\" data-elementor-settings=\"[]\">\n\t\t\t<div class=\"elementor-inner\">\n\t\t\t\t<div class=\"elementor-section-wrap\">\n\t\t\t\t\t\t\t<section class=\"elementor-element elementor-element-3e493e7 elementor-section-stretched elementor-section-boxed elementor-section-height-default elementor-section-height-default elementor-section elementor-top-section\" data-id=\"3e493e7\" data-element_type=\"section\" data-settings=\"{&quot;stretch_section&quot;:&quot;section-stretched&quot;}\">\n\t\t\t\t\t\t<div class=\"elementor-container elementor-column-gap-default\">\n\t\t\t\t<div class=\"elementor-row\">\n\t\t\t\t<div class=\"elementor-element elementor-element-89782ca elementor-column elementor-col-100 elementor-top-column\" data-id=\"89782ca\" data-element_type=\"column\">\n\t\t\t<div class=\"elementor-column-wrap  elementor-element-populated\">\n\t\t\t\t\t<div class=\"elementor-widget-wrap\">\n\t\t\t\t<div class=\"elementor-element elementor-element-ac1dac3 elementor-widget elementor-widget-spacer\" data-id=\"ac1dac3\" data-element_type=\"widget\" data-widget_type=\"spacer.default\">\n\t\t\t\t<div class=\"elementor-widget-container\">\n\t\t\t\t\t<div class=\"elementor-spacer\">\n\t\t\t<div class=\"elementor-spacer-inner\"><\/div>\n\t\t<\/div>\n\t\t\t\t<\/div>\n\t\t\t\t<\/div>\n\t\t\t\t\t\t<\/div>\n\t\t\t<\/div>\n\t\t<\/div>\n\t\t\t\t\t\t<\/div>\n\t\t\t<\/div>\n\t\t<\/section>\n\t\t\t\t<section class=\"elementor-element elementor-element-525b8b5 elementor-section-stretched elementor-section-boxed elementor-section-height-default elementor-section-height-default elementor-section elementor-top-section\" data-id=\"525b8b5\" data-element_type=\"section\" data-settings=\"{&quot;stretch_section&quot;:&quot;section-stretched&quot;}\">\n\t\t\t\t\t\t<div class=\"elementor-container elementor-column-gap-default\">\n\t\t\t\t<div class=\"elementor-row\">\n\t\t\t\t<div class=\"elementor-element elementor-element-f6a8418 elementor-column elementor-col-100 elementor-top-column\" data-id=\"f6a8418\" data-element_type=\"column\">\n\t\t\t<div class=\"elementor-column-wrap  elementor-element-populated\">\n\t\t\t\t\t<div class=\"elementor-widget-wrap\">\n\t\t\t\t<div class=\"elementor-element elementor-element-2908991 elementor-widget elementor-widget-heading\" data-id=\"2908991\" data-element_type=\"widget\" data-widget_type=\"heading.default\">\n\t\t\t\t<div class=\"elementor-widget-container\">\n\t\t\t<h2 class=\"elementor-heading-title elementor-size-xl\">\u00bfQu\u00e9 es la cuarcita?<\/h2>\t\t<\/div>\n\t\t\t\t<\/div>\n\t\t\t\t\t\t<\/div>\n\t\t\t<\/div>\n\t\t<\/div>\n\t\t\t\t\t\t<\/div>\n\t\t\t<\/div>\n\t\t<\/section>\n\t\t\t\t<section class=\"elementor-element elementor-element-b12795f elementor-section-stretched elementor-section-boxed elementor-section-height-default elementor-section-height-default elementor-section elementor-top-section\" data-id=\"b12795f\" data-element_type=\"section\" data-settings=\"{&quot;stretch_section&quot;:&quot;section-stretched&quot;}\">\n\t\t\t\t\t\t<div class=\"elementor-container elementor-column-gap-default\">\n\t\t\t\t<div class=\"elementor-row\">\n\t\t\t\t<div class=\"elementor-element elementor-element-98fe28b elementor-column elementor-col-50 elementor-top-column\" data-id=\"98fe28b\" data-element_type=\"column\">\n\t\t\t<div class=\"elementor-column-wrap  elementor-element-populated\">\n\t\t\t\t\t<div class=\"elementor-widget-wrap\">\n\t\t\t\t<div class=\"elementor-element elementor-element-d46f72c elementor-widget elementor-widget-text-editor\" data-id=\"d46f72c\" data-element_type=\"widget\" data-widget_type=\"text-editor.default\">\n\t\t\t\t<div class=\"elementor-widget-container\">\n\t\t\t\t\t<div class=\"elementor-text-editor elementor-clearfix\"><p>\u00a0<\/p><p>La cuarcita es una roca metam\u00f3rfica dura y resistente, compuesta principalmente de cuarzo.\u00a0Se caracteriza por su\u00a0dureza, textura granular y una amplia gama de colores, incluyendo blanco, gris, rosado, marr\u00f3n y tonos m\u00e1s oscuros con impurezas.\u00a0<\/p><p>Es altamente resistente a la abrasi\u00f3n, la presi\u00f3n y los cambios de temperatura.\u00a0<\/p><p>La cuarcita se forma a partir de la recristalizaci\u00f3n de arenisca rica en cuarzo bajo condiciones de alta presi\u00f3n y temperatura.\u00a0Este proceso transforma la arenisca original en una roca m\u00e1s densa y resistente.\u00a0<\/p><p>Debido a que la piedra arenisca podr\u00eda haber incluido trazas de otros tipos de minerales, la cuarcita resultante puede tener una gran variedad de colores.<\/p><p>\u00a0<\/p><\/div>\n\t\t\t\t<\/div>\n\t\t\t\t<\/div>\n\t\t\t\t\t\t<\/div>\n\t\t\t<\/div>\n\t\t<\/div>\n\t\t\t\t<div class=\"elementor-element elementor-element-d297b7a elementor-column elementor-col-50 elementor-top-column\" data-id=\"d297b7a\" data-element_type=\"column\">\n\t\t\t<div class=\"elementor-column-wrap  elementor-element-populated\">\n\t\t\t\t\t<div class=\"elementor-widget-wrap\">\n\t\t\t\t<div class=\"elementor-element elementor-element-b8980a1 elementor-widget elementor-widget-image\" data-id=\"b8980a1\" data-element_type=\"widget\" data-widget_type=\"image.default\">\n\t\t\t\t<div class=\"elementor-widget-container\">\n\t\t\t\t\t<div class=\"elementor-image\">\n\t\t\t\t\t\t\t\t\t\t<img loading=\"lazy\" decoding=\"async\" width=\"2048\" height=\"1094\" src=\"https:\/\/neopiedras.com\/wp-content\/uploads\/2025\/07\/20200815_125150-2048x1094.jpg\" class=\"attachment-2048x2048 size-2048x2048\" alt=\"\" srcset=\"https:\/\/neopiedras.com\/wp-content\/uploads\/2025\/07\/20200815_125150-2048x1094.jpg 2048w, https:\/\/neopiedras.com\/wp-content\/uploads\/2025\/07\/20200815_125150-300x160.jpg 300w, https:\/\/neopiedras.com\/wp-content\/uploads\/2025\/07\/20200815_125150-1024x547.jpg 1024w, https:\/\/neopiedras.com\/wp-content\/uploads\/2025\/07\/20200815_125150-768x410.jpg 768w, https:\/\/neopiedras.com\/wp-content\/uploads\/2025\/07\/20200815_125150-1536x821.jpg 1536w\" sizes=\"auto, 100vw\" \/>\t\t\t\t\t\t\t\t\t\t\t<\/div>\n\t\t\t\t<\/div>\n\t\t\t\t<\/div>\n\t\t\t\t\t\t<\/div>\n\t\t\t<\/div>\n\t\t<\/div>\n\t\t\t\t\t\t<\/div>\n\t\t\t<\/div>\n\t\t<\/section>\n\t\t\t\t<section class=\"elementor-element elementor-element-26ae647 elementor-section-stretched elementor-section-boxed elementor-section-height-default elementor-section-height-default elementor-section elementor-top-section\" data-id=\"26ae647\" data-element_type=\"section\" data-settings=\"{&quot;stretch_section&quot;:&quot;section-stretched&quot;}\">\n\t\t\t\t\t\t<div class=\"elementor-container elementor-column-gap-default\">\n\t\t\t\t<div class=\"elementor-row\">\n\t\t\t\t<div class=\"elementor-element elementor-element-c85fdb5 elementor-column elementor-col-100 elementor-top-column\" data-id=\"c85fdb5\" data-element_type=\"column\">\n\t\t\t<div class=\"elementor-column-wrap  elementor-element-populated\">\n\t\t\t\t\t<div class=\"elementor-widget-wrap\">\n\t\t\t\t<div class=\"elementor-element elementor-element-4b6f854 elementor-widget elementor-widget-text-editor\" data-id=\"4b6f854\" data-element_type=\"widget\" data-widget_type=\"text-editor.default\">\n\t\t\t\t<div class=\"elementor-widget-container\">\n\t\t\t\t\t<div class=\"elementor-text-editor elementor-clearfix\"><p>En resumen, la cuarcita es una roca metam\u00f3rfica duradera y vers\u00e1til, ideal para aplicaciones que requieren alta resistencia y est\u00e9tica atractiva. Todo ello determina que sea una excelente opci\u00f3n como <strong>material de construcci\u00f3n.<\/strong><\/p><\/div>\n\t\t\t\t<\/div>\n\t\t\t\t<\/div>\n\t\t\t\t\t\t<\/div>\n\t\t\t<\/div>\n\t\t<\/div>\n\t\t\t\t\t\t<\/div>\n\t\t\t<\/div>\n\t\t<\/section>\n\t\t\t\t<section class=\"elementor-element elementor-element-ce44664 elementor-section-stretched elementor-section-boxed elementor-section-height-default elementor-section-height-default elementor-section elementor-top-section\" data-id=\"ce44664\" data-element_type=\"section\" data-settings=\"{&quot;stretch_section&quot;:&quot;section-stretched&quot;}\">\n\t\t\t\t\t\t<div class=\"elementor-container elementor-column-gap-default\">\n\t\t\t\t<div class=\"elementor-row\">\n\t\t\t\t<div class=\"elementor-element elementor-element-4713bf4 elementor-column elementor-col-100 elementor-top-column\" data-id=\"4713bf4\" data-element_type=\"column\">\n\t\t\t<div class=\"elementor-column-wrap  elementor-element-populated\">\n\t\t\t\t\t<div class=\"elementor-widget-wrap\">\n\t\t\t\t<div class=\"elementor-element elementor-element-0ed8db0 elementor-widget elementor-widget-spacer\" data-id=\"0ed8db0\" data-element_type=\"widget\" data-widget_type=\"spacer.default\">\n\t\t\t\t<div class=\"elementor-widget-container\">\n\t\t\t\t\t<div class=\"elementor-spacer\">\n\t\t\t<div class=\"elementor-spacer-inner\"><\/div>\n\t\t<\/div>\n\t\t\t\t<\/div>\n\t\t\t\t<\/div>\n\t\t\t\t\t\t<\/div>\n\t\t\t<\/div>\n\t\t<\/div>\n\t\t\t\t\t\t<\/div>\n\t\t\t<\/div>\n\t\t<\/section>\n\t\t\t\t<section class=\"elementor-element elementor-element-547ca0c elementor-section-stretched elementor-section-boxed elementor-section-height-default elementor-section-height-default elementor-section elementor-top-section\" data-id=\"547ca0c\" data-element_type=\"section\" data-settings=\"{&quot;stretch_section&quot;:&quot;section-stretched&quot;}\">\n\t\t\t\t\t\t<div class=\"elementor-container elementor-column-gap-default\">\n\t\t\t\t<div class=\"elementor-row\">\n\t\t\t\t<div class=\"elementor-element elementor-element-5e85186 elementor-column elementor-col-100 elementor-top-column\" data-id=\"5e85186\" data-element_type=\"column\">\n\t\t\t<div class=\"elementor-column-wrap  elementor-element-populated\">\n\t\t\t\t\t<div class=\"elementor-widget-wrap\">\n\t\t\t\t<div class=\"elementor-element elementor-element-00ef421 elementor-widget elementor-widget-heading\" data-id=\"00ef421\" data-element_type=\"widget\" data-widget_type=\"heading.default\">\n\t\t\t\t<div class=\"elementor-widget-container\">\n\t\t\t<h2 class=\"elementor-heading-title elementor-size-xl\">\u00bfC\u00f3mo se forma la cuarcita?<\/h2>\t\t<\/div>\n\t\t\t\t<\/div>\n\t\t\t\t\t\t<\/div>\n\t\t\t<\/div>\n\t\t<\/div>\n\t\t\t\t\t\t<\/div>\n\t\t\t<\/div>\n\t\t<\/section>\n\t\t\t\t<section class=\"elementor-element elementor-element-9e40146 elementor-section-stretched elementor-section-boxed elementor-section-height-default elementor-section-height-default elementor-section elementor-top-section\" data-id=\"9e40146\" data-element_type=\"section\" data-settings=\"{&quot;stretch_section&quot;:&quot;section-stretched&quot;}\">\n\t\t\t\t\t\t<div class=\"elementor-container elementor-column-gap-default\">\n\t\t\t\t<div class=\"elementor-row\">\n\t\t\t\t<div class=\"elementor-element elementor-element-8f97c68 elementor-column elementor-col-50 elementor-top-column\" data-id=\"8f97c68\" data-element_type=\"column\">\n\t\t\t<div class=\"elementor-column-wrap  elementor-element-populated\">\n\t\t\t\t\t<div class=\"elementor-widget-wrap\">\n\t\t\t\t<div class=\"elementor-element elementor-element-e02c1c1 elementor-widget elementor-widget-image\" data-id=\"e02c1c1\" data-element_type=\"widget\" data-widget_type=\"image.default\">\n\t\t\t\t<div class=\"elementor-widget-container\">\n\t\t\t\t\t<div class=\"elementor-image\">\n\t\t\t\t\t\t\t\t\t\t<img loading=\"lazy\" decoding=\"async\" width=\"525\" height=\"820\" src=\"https:\/\/neopiedras.com\/wp-content\/uploads\/2025\/07\/20200815_125240-656x1024.jpg\" class=\"attachment-large size-large\" alt=\"\" srcset=\"https:\/\/neopiedras.com\/wp-content\/uploads\/2025\/07\/20200815_125240-656x1024.jpg 656w, https:\/\/neopiedras.com\/wp-content\/uploads\/2025\/07\/20200815_125240-192x300.jpg 192w, https:\/\/neopiedras.com\/wp-content\/uploads\/2025\/07\/20200815_125240-768x1199.jpg 768w, https:\/\/neopiedras.com\/wp-content\/uploads\/2025\/07\/20200815_125240-984x1536.jpg 984w, https:\/\/neopiedras.com\/wp-content\/uploads\/2025\/07\/20200815_125240-1312x2048.jpg 1312w, https:\/\/neopiedras.com\/wp-content\/uploads\/2025\/07\/20200815_125240-scaled.jpg 1640w\" sizes=\"auto, 100vw\" \/>\t\t\t\t\t\t\t\t\t\t\t<\/div>\n\t\t\t\t<\/div>\n\t\t\t\t<\/div>\n\t\t\t\t<div class=\"elementor-element elementor-element-250b646 elementor-widget elementor-widget-text-editor\" data-id=\"250b646\" data-element_type=\"widget\" data-widget_type=\"text-editor.default\">\n\t\t\t\t<div class=\"elementor-widget-container\">\n\t\t\t\t\t<div class=\"elementor-text-editor elementor-clearfix\"><\/div>\n\t\t\t\t<\/div>\n\t\t\t\t<\/div>\n\t\t\t\t\t\t<\/div>\n\t\t\t<\/div>\n\t\t<\/div>\n\t\t\t\t<div class=\"elementor-element elementor-element-f517e51 elementor-column elementor-col-50 elementor-top-column\" data-id=\"f517e51\" data-element_type=\"column\">\n\t\t\t<div class=\"elementor-column-wrap  elementor-element-populated\">\n\t\t\t\t\t<div class=\"elementor-widget-wrap\">\n\t\t\t\t<div class=\"elementor-element elementor-element-a3ff274 elementor-widget elementor-widget-text-editor\" data-id=\"a3ff274\" data-element_type=\"widget\" data-widget_type=\"text-editor.default\">\n\t\t\t\t<div class=\"elementor-widget-container\">\n\t\t\t\t\t<div class=\"elementor-text-editor elementor-clearfix\"><p>\u00a0<\/p><p>\u00a0<\/p><p>\u00a0<\/p><p>La cuarcita se origina a partir de arenisca de cuarzo, una roca sedimentaria compuesta principalmente de granos de cuarzo unidos por un cemento. La arenisca de cuarzo se somete a metamorfismo, un proceso geol\u00f3gico que transforma las rocas existentes mediante cambios de temperatura y presi\u00f3n. Durante el metamorfismo, los granos de cuarzo de la arenisca se recristalizan, fusion\u00e1ndose entre s\u00ed para formar una roca m\u00e1s densa y dura.\u00a0<\/p><p>La cuarcita se puede encontrar en todo el mundo, pero generalmente se forman en regiones tect\u00f3nicamente activas donde el movimiento de las placas\u00a0 genera las condiciones metam\u00f3rficas necesarias para su formaci\u00f3n.<\/p><p>A diferencia de muchos otros tipos de roca metam\u00f3rfica que se pueden formar a partir de casi cualquier tipo de roca madre, las cuarcitas solo se forman a partir de un tipo espec\u00edfico de la roca madre, que es la piedra arenisca de cuarzo.<\/p><\/div>\n\t\t\t\t<\/div>\n\t\t\t\t<\/div>\n\t\t\t\t\t\t<\/div>\n\t\t\t<\/div>\n\t\t<\/div>\n\t\t\t\t\t\t<\/div>\n\t\t\t<\/div>\n\t\t<\/section>\n\t\t\t\t\t\t<\/div>\n\t\t\t<\/div>\n\t\t<\/div>\n\t\t","protected":false},"excerpt":{"rendered":"<p>\u00bfQu\u00e9 es la cuarcita? \u00a0 La cuarcita es una roca metam\u00f3rfica dura y resistente, compuesta principalmente de cuarzo.\u00a0Se caracteriza por su\u00a0dureza, textura granular y una amplia gama de colores, incluyendo blanco, gris, rosado, marr\u00f3n y tonos m\u00e1s oscuros con impurezas.\u00a0 Es altamente resistente a la abrasi\u00f3n, la presi\u00f3n y los cambios de temperatura.\u00a0 La cuarcita &hellip; <\/p>\n<p class=\"link-more\"><a href=\"https:\/\/neopiedras.com\/?page_id=166\" class=\"more-link\">Continuar leyendo<span class=\"screen-reader-text\"> \u00abLa Cuarcita\u00bb<\/span><\/a><\/p>\n","protected":false},"author":1,"featured_media":0,"parent":0,"menu_order":0,"comment_status":"closed","ping_status":"closed","template":"","meta":{"footnotes":""},"class_list":["post-166","page","type-page","status-publish","hentry"],"_links":{"self":[{"href":"https:\/\/neopiedras.com\/index.php?rest_route=\/wp\/v2\/pages\/166","targetHints":{"allow":["GET"]}}],"collection":[{"href":"https:\/\/neopiedras.com\/index.php?rest_route=\/wp\/v2\/pages"}],"about":[{"href":"https:\/\/neopiedras.com\/index.php?rest_route=\/wp\/v2\/types\/page"}],"author":[{"embeddable":true,"href":"https:\/\/neopiedras.com\/index.php?rest_route=\/wp\/v2\/users\/1"}],"replies":[{"embeddable":true,"href":"https:\/\/neopiedras.com\/index.php?rest_route=%2Fwp%2Fv2%2Fcomments&post=166"}],"version-history":[{"count":20,"href":"https:\/\/neopiedras.com\/index.php?rest_route=\/wp\/v2\/pages\/166\/revisions"}],"predecessor-version":[{"id":503,"href":"https:\/\/neopiedras.com\/index.php?rest_route=\/wp\/v2\/pages\/166\/revisions\/503"}],"wp:attachment":[{"href":"https:\/\/neopiedras.com\/index.php?rest_route=%2Fwp%2Fv2%2Fmedia&parent=166"}],"curies":[{"name":"wp","href":"https:\/\/api.w.org\/{rel}","templated":true}]}}